ve g(4).
3
Suppose -4*d - 35 = d. Let v(q) = q**2 + 9*q + 10. Let c be v(d). Let w(x) be the third derivative of -x**4/24 - 3*x**3/2 + x**2. What is w(c)?
-5
Let a(f) = f**2 + 3*f + 8. Let d(p) = -6*p**2 - 16*p - 41. Let r(k) = -11*a(k) - 2*d(k). Determine r(0).
-6
Let d(k) = 8*k. Let p be -2*(2/4 + -2). Suppose -4*t = 0, -4*t + t + 4 = 2*s. Suppose p = 5*x - s. What is d(x)?
8
Let q be -3 + 4/1 - -4. Let x(b) = -b**2 + 5*b - 3. Determine x(q).
-3
Suppose 16*i - 9 = 13*i. Let q(y) = 4*y + 0*y - i - 4*y + y. Give q(7).
4
Let n(d) = d - 5. Let v = 10 - 15. Let m be (v - -6)/(1/6). Give n(m).
1
Suppose 0*q + 30 = -2*q. Let g = 28 + q. Suppose -5*m - 23 = -y, 4*y + g = 5*y - 3*m. Let c(b) = 2*b**3 - b + 2. Calculate c(y).
-12
Let i(l) = -6*l**2 + l. Let r = 2 + -11. Let f = r + 10. Give i(f).
-5
Let p(l) = 5*l - 8*l + 5*l. Let b be p(-3). Let o(x) = x**2 + 7*x + 9. Give o(b).
3
Let j = -17 + 10. Let w(u) = -u - 6. Calculate w(j).
1
Let v(l) = -l**2 + 7*l - 5. Suppose -w - 12 = -18. What is v(w)?
1
Suppose 0 = 5*k + j + 115, -k - 34 = k - 2*j. Let l = k - -21. Let c(x) = 14*x**3 + 2*x**2 + x. Give c(l).
-13
Let c be (-2)/10 + (-12)/(-60). Let h(p) be the third derivative of 2/3*p**3 + 0*p + 1/24*p**4 + c + 2*p**2. Determine h(-2).
2
Let k(r) = r**2 - 10*r + 8. Let o(d) = -d + 18. Let v be o(12). Give k(v).
-16
Suppose w = -0*w + 3. Suppose w*a + 9 = -3. Let p = 4 + a. Let x(d) = d**3 - d**2 - d - 4. Calculate x(p).
-4
Let q(c) = -c**3 - c**2 - 3*c + 2. Let g(d) = 2*d**3 + 2*d**2 + 4*d - 3. Let s = 19 + -17. Let b(x) = s*g(x) + 3*q(x). Determine b(1).
1
Suppose 0*p + p = -1. Let s be 2/(p + -1)*-3. Let u(t) = -t**3 + 3*t**2 - 3*t + 3. Calculate u(s).
-6
Let y(x) = x**2 + 12*x + 8. Let z be 287/(-35) + 2/10. Give y(z).
-24
Suppose -3*g - 5*t - 11 = 0, 5*g - 27 = -0*t + 3*t. Let s(x) = -5*x**2 + 5 + 9*x**2 - 5*x**2 + g*x. What is s(5)?
-5
Let a(r) be the third derivative of r**4/12 + r**2. Suppose 7*z - 2 = -23. Give a(z).
-6
Let c(a) = a**3 + 3*a**2 - 2*a - 2. Let h be (6 + -2)*3/2. Let p be (-2)/h - (-10)/(-6). Give c(p).
6
Let z(x) = x**3 + x**2 - 5*x - 2. Let k(n) = 5*n**3 + 3*n**2 - 21*n - 9. Let p(v) = -2*k(v) + 9*z(v). Let h = 0 + 4. Let u be 2/4*(h - 0). What is p(u)?
-2
Let g(v) = 3*v - 44. Let u be g(11). Let n(o) = o**2 + 11*o - 4. Calculate n(u).
-4
Let l(d) be the second derivative of -1/2*d**2 + 1/6*d**3 - 6*d + 0. Suppose -3*u = -0*u. Give l(u).
-1
Let c = -3 + -2. Let a(f) = f**3 + 5*f**2 + 2*f - 3. Let w(o) be the third derivative of o**4/24 + o**3/6 - o**2. Let q(t) = a(t) - w(t). What is q(c)?
-9
Let t(b) = 15*b**3 - 25*b + 15*b + 11*b. Calculate t(1).
16
Let r(b) be the third derivative of -b**6/360 - 3*b**5/40 - b**4/24 - 3*b**3/2 + 10*b**2. Let k(m) be the first derivative of r(m). Give k(-7).
13
Let v(r) be the second derivative of -r**7/840 - r**6/360 + r**5/120 + r**4/4 + r**3/6 + 2*r. Let o(k) be the second derivative of v(k). Give o(0).
6
Suppose n = 9 - 11. Let r(i) = -2*i**3 - 3*i**2 - 2*i + 1. Calculate r(n).
9
Suppose -3 = 5*p - 6*p. Suppose -8*o - p = -7*o. Let l(q) = q**3 + 4*q**2 + 5*q + 4. What is l(o)?
-2
Let o(u) = 0*u**2 - 16*u**3 + 12*u**3 - 4*u**2 + 3*u**3 - 3*u + 5. Give o(-4).
17
Suppose -3*l + 5*w - 16 = 0, 4*w - 3*w = 2. Let o be (5 - l) + (-2)/2. Suppose o*n = 4*x + 2*n - 8, -5*x - 2*n = 4. Let t(h) = h + 6. Give t(x).
6
Let z(t) = t**3 - t**2 + 2. Let q be (1/((-28)/8))/((-2)/14). What is z(q)?
6
Let h(d) = d**2 - 27 + 17 + 12 - 3*d**2 - 3*d. Give h(-3).
-7
Let u(m) = -m**2 + 2*m + 3. Let h = -32 + 30. Give u(h).
-5
Let a = -3 + 0. Let o(q) = -2*q + 2. Let r(d) = -6*d + 5. Let f(j) = 17*j - 15. Let v(n) = -3*f(n) - 8*r(n). Let h(c) = a*v(c) + 5*o(c). What is h(-5)?
0
Let u(q) be the third derivative of q**4/24 + 2*q**3/3 + 4*q**2. What is u(6)?
10
Let v(j) = 0*j**3 - 7*j**2 + 2*j**3 - 3*j**3 - 47 + 52 - 6*j. Give v(-6).
5
Let n(l) = 7*l - 3. Let y(a) = a. Let j = 2 + -1. Let f(x) = j*n(x) - 6*y(x). Let t = -8 + 5. Calculate f(t).
-6
Suppose -5*l + 2 = -t - l, 0 = -2*t + 5*l - 4. Let w(a) = a**2 - 4*a - 3. Give w(t).
9
Let z be 3/2 - (-33)/22. Let m(w) = 2*w**2 - 3*w. Determine m(z).
9
Let y be (-6 - -9)/((-9)/(-12)). Let i(z) = -1 + 10*z - z - y*z. Calculate i(-1).
-6
Let f(a) = -8 + 2*a + 9 + 5 + 0*a. Suppose 2*q + 12 = 2*b, 2*q - 6*q = -b + 12. Let r be (-3 - q)/(-1)*-5. Determine f(r).
-4
Let j(t) = -3*t - 2. Let f be (-87)/(-15) + -5 - (-24)/(-5). Calculate j(f).
10
Let c(x) = x**3 - 2*x**2 - 2*x + 4. Let k(y) = 3*y**3 - 3*y**2 - 5*y + 8. Let z(s) = -5*c(s) + 2*k(s). Let j = -4 + 7. Let h be (j/(-4))/(2/8). Calculate z(h).
5
Let s = 1 - 0. Let u(p) be the third derivative of p**6/360 - p**5/120 + 5*p**3/6 - 2*p**2. Let l(z) be the first derivative of u(z). Calculate l(s).
0
Let a(q) be the second derivative of q**4/12 + 3*q**3/2 + 5*q**2 + 9*q. Give a(-7).
-4
Let w(o) = 5*o + 6. Let v(f) = 2*f + 7 + 4*f + 0. Let i(l) = -6*v(l) + 7*w(l). What is i(-4)?
4
Let x(n) = 3*n + 7 - 1 - 3 - 2. Let v(u) = u - 1. Let f(r) = 2*r + 2. Let c(i) = -f(i) + v(i). Let m be c(0). Give x(m).
-8
Let o(t) = 4*t - 1. Let l(f) = 5*f - 2. Let w(m) = 3*l(m) - 4*o(m). Suppose 0 = -4*z + 5*j - 25, z + 14 = 3*j - 1. Calculate w(z).
-2
Let v(c) = c - 19. Let x = -79 - -90. Determine v(x).
-8
Let r be 81/15 - (-9)/15. Let x(a) = -3*a**3 + 3*a + 6*a**2 + 2 + 2*a**3 - 4*a. Give x(r).
-4
Let d(o) = 6*o - 2 + o**2 - 4*o - 3. Let c be d(4). Suppose u = 2, -3*u - 2*u = 3*h - c. Let j(y) = -3*y - 1. What is j(h)?
-10
Let x(v) be the second derivative of -v**4/2 + v**2/2 - 2*v + 3. Give x(-1).
-5
Let z(v) = -v**2 + 6*v - 3. Let l be 37 + (-1 - 2) + 4. Let f = l + -22. Let r be f/3 + 16/24. Give z(r).
-3
Let f(w) = 1 - 6*w - 2*w + 6*w. Give f(5).
-9
Suppose -2*c + 39 = 15. Let v be (-9)/(0 - c/(-8)). Let b(f) = f**3 + 6*f**2 - 4. Give b(v).
-4
Let k(r) = -7*r**2 + r. Let y = 0 - -1. Calculate k(y).
-6
Let t = 0 + 0. Let g(h) = -2*h**3 + 6 + h**3 + h**2 + h - 3. What is g(t)?
3
Suppose 4*c + 2 + 18 = 0. Let r(v) be the second derivative of -v**5/20 - 5*v**4/12 + v**3/3 + 2*v**2 - 4*v. Determine r(c).
-6
Let v(n) be the third derivative of n**4/24 + n**3 - 4*n**2. Suppose 0 = 3*r - r + h + 6, 4*h = -2*r - 6. What is v(r)?
3
Let b(c) = 5*c**2 + c - 1. Let y(s) be the second derivative of -s**3/6 + 5*s**2 - s. Let t be y(9). What is b(t)?
5
Let q(a) = -3*a + 2 - 5*a**2 + 7*a - 4 + 6*a**2. Give q(-5).
3
Suppose -2*t - 2*t = 0. Suppose w + t*n = n + 4, -n = 4*w - 6. Let a(k) = -5*k**2 + k**3 - w*k**3 + 0*k**2 - k**2. Give a(-6).
0
Let p(f) be the third derivative of f**6/120 - f**5/30 - f**4/6 + f**3/6 + 34*f**2. Calculate p(4).
17
Let v(l) = 2*l**2 + 16*l - 23. Let r(w) = w**2 + 8*w - 11. Let k(c) = 9*r(c) - 4*v(c). Determine k(-9).
2
Suppose 5*f + l = -24, -3*f - 20 = -4*l - l. Let a(b) = b + 2. Calculate a(f).
-3
Let k(p) = -p**3 + 5*p**2 - 2*p - 4. Let w be k(4). Suppose -w = m + 2. Let q(o) = -o**2 - 7*o - 3. What is q(m)?
3
Let c = 1 + -1. Let z(v) be the first derivative of -v**2/2 + 5*v - 39. Give z(c).
5
Let b(h) = 10*h. Suppose 5*i = 15, 7 = 5*k - i - 15. Let w be 6*(5/3)/k. Suppose 0*p + w*p + 2 = 0. Give b(p).
-10
Let t(u) be the first derivative of 2/3*u**3 + 1 - 5/2*u**2 + 1/12*u**4 - 2*u. Let d(i) be the first derivative of t(i). Give d(-5).
0
Let l = 5 + -8. Let f(m) = -m**3 + m**2 + 3*m - 3. Let x(c) = -5*c**3 + 3*c**2 + 13*c - 13. Let p(q) = 9*f(q) - 2*x(q). Give p(l).
-4
Suppose -5 = -5*d + 10. Let h(n) = -n - 1. Give h(d).
-4
Let j = -16 - -20. Suppose j*k = -k. Let d(i) = -i**2 - i + 2. What is d(k)?
2
Let u(p) = 18*p**3 - p**2 - p. Let l = -20 + 19. Give u(l).
-18
Let b(i) be the third derivative of i**4/24 + i**3/3 - 3*i**2. Let k be 0 + 1/1 + 0. Let a = 5 - k. Give b(a).
6
Let b = 9 - 7. Let u(t) = 2*t - b*t + 0*t + t**2 - 3. What is u(-3)?
6
Let p(o) = o**2 - o + 15. Let j = -11 - -11. Suppose j*b + 2 = -3*b + 2*x, 4 = 4*b + 4*x. What is p(b)?
15
Suppose -7*d - 2*g + 33 = -2*d, 3*g - 32 = -5*d. Let z(n) = -n + 7. What is z(d)?
0
Suppose -2*w + w = -12. Suppose 0 = 4*o + 2*r - 20, w = -2*o + 3*o - 3*r. Let t(c) = c**2 - 6*c + 5. Calculate t(o).
5
Let g(d) = d**3 - 2*d**2 + d - 3. Let m be -1*(4/2)/(-2). Let k(i) = i**3 - 1. Let l(b) = m*g(b) - 3*k(b). What is l(1)?
-3
Let l(c) = -c**2 - 6*c - 2. Let s = -10 + 32. Let h